ts digit of y?
0
Let v = -2286 + 4397. What is the units digit of v?
1
Let k be 0 + (1 - (2 + 0)) + 285. Let n = k - 176. What is the hundreds digit of n?
1
Suppose 0 = 5*o - 3*y - 15, -4*y + 8 = -3*o + o. Let d(n) = -2*n + 12. Let c be d(o). Suppose c = -g + 8 + 34. What is the units digit of g?
2
Let i = 21 + -9. Suppose 0 = -2*j - g + 202, -2*g = g + i. What is the hundreds digit of j?
1
Let n be (-15)/5 + (-10)/(-2). Suppose -r = -5*w + 20, 0 = -w - r - n + 6. Suppose 0 = s - 0 - w. What is the units digit of s?
4
Let q = 28 - 12. Suppose -q*d - 6 = -19*d. What is the units digit of d?
2
Let y = 25 + 45. What is the units digit of y?
0
Let f = 11 + -9. Suppose -3*p = 2*u - 13, -2*p + u = -f*u. Suppose 2*c - 8 = -3*c + s, -p*c - 5*s = 12. What is the units digit of c?
1
Let j(l) = l**3 + 10*l**2 - l - 7. Let q = -19 - -9. Let t be j(q). What is the units digit of ((-20)/(-1 + t))/(-2)?
5
Let d(m) be the third derivative of -1/4*m**4 + 0*m - 2*m**2 - 11/6*m**3 + 1/60*m**5 + 0. What is the units digit of d(9)?
6
Let h(r) = 21*r**2 + 1. Suppose 0 = y + 5, 4*y + 26 = i + 2*i. Let p be h(i). Suppose -5*z + 2*g - 4*g + 185 = 0, -3*z + p = -4*g. What is the tens digit of z?
3
Suppose -2*m = 8*u - 4*u - 7486, 2*m - 7492 = -u. What is the hundreds digit of m?
7
Let a(q) = q**3 - 11*q**2 + 13*q - 21. Let o be a(10). Suppose -o*t + 6*t = -336. What is the units digit of t?
2
Let d(u) = 2*u**3 - 2*u**2 - 2*u - 4. Let w be d(3). Suppose 28*l - w*l - 224 = 0. What is the units digit of l?
2
Let y be (-6)/((105/10)/7). Let f(c) = -4*c**3 - 6*c**2 - 7*c - 5. What is the hundreds digit of f(y)?
1
What is the hundreds digit of ((-1308)/9)/((-287)/(-42) - 7)?
8
Let j = -6 - -11. Suppose j*v + 0*v = 15, 4*x - v = -39. Let f = 13 - x. What is the units digit of f?
2
Let l = 9 + -9. Suppose l = 5*n - j - 224 + 60, -72 = -2*n + 2*j. What is the tens digit of n?
3
What is the hundreds digit of (-2308)/(12/(-8) + (-4)/8)?
1
Let i = 64 - 94. What is the tens digit of 10/i + (-128)/(-6)?
2
Let v(l) be the second derivative of l**5/20 - 3*l**4/4 - 2*l**3/3 + 17*l**2/2 + 4*l. What is the hundreds digit of v(11)?
2
Let i(g) = -g**3 + 10*g**2 - 4*g - 12. Let w be i(9). Let o be 2/7 - 24/(-14). Suppose w = -o*d + 105. What is the units digit of d?
6
Suppose -4*z + 2 = -3*v - 6, -2*v + z = 2. Suppose 0*d - 4*d - 20 = v. Let n(j) = -9*j + 4. What is the tens digit of n(d)?
4
Let q = -38 + 128. Suppose -p = 3*b - q, 0*p + 2*b = 2*p - 140. What is the units digit of p?
5
Let i = 92 - 88. Suppose i*y = 2*m - 696, 0 = 2*m - 6*m + 5*y + 1392. What is the units digit of m?
8
Let a be 1*(-1)/((-3)/3). Let s be (-1 - (-6)/2)*a. Let p(h) = h**3 + 2*h**2 - 2. What is the units digit of p(s)?
4
What is the hundreds digit of (3*3224/12)/(-4 + 6)?
4
Let i be (-13)/(-5) - 14/(-35). Suppose -4*s + 55 = 3*w, 0*w + w = -i*s + 40. What is the units digit of 1/(((-4)/s)/(-4))?
3
Let m be (-5)/(-25) + 36/20. Suppose 0 = -m*j - 5*y + 49 - 7, -2 = y. What is the tens digit of j?
2
Let d(r) = -r**3 + 6*r**2 - 3*r - 10. Let c be (-63)/105 + 56/10. Let j be d(c). Suppose 0 = -3*u - 3 - j, 0 = 4*l + u - 227. What is the units digit of l?
7
Suppose 0 = t + 4 - 2. Let i(d) = 2*d**2. Let h be i(t). Suppose -h = -2*g + 2*o, -24 = g + 5*o - 10. What is the units digit of g?
1
Suppose 6*k + 294 = 3*k. Let q = -17 - k. What is the tens digit of q?
8
Suppose 5*n - 3*a = 340 + 974, 3*a - 1326 = -5*n. Let w = -108 + n. What is the tens digit of w?
5
Let l(c) = -c**3 - 9*c**2 + 11*c + 15. Suppose -5*j = -0*j + 50. Let g be l(j). Let u(f) = 7*f - 3. What is the units digit of u(g)?
2
Suppose 9 = 3*r + 3*y, 4*r - 2*y - 22 = 2*r. Suppose 4*x + 25 = -r. What is the units digit of (-2)/(x/12) - -25?
8
Let i = -16 - -19. What is the units digit of -4 + i + -1 + 25?
3
Let f = -26 - -28. Suppose -4*t + 4*h + 137 = -h, 0 = -f*t + 2*h + 66. What is the tens digit of t?
2
Suppose -9*p = 2*p - 2321. What is the hundreds digit of p?
2
Let x be ((-80)/(-15))/(2/6). Let g = -9 + x. Suppose g = 3*k - 2*k. What is the units digit of k?
7
Let k = 4 + 0. Suppose -3*v - 2*v = -k*a - 31, -3*a + 38 = 5*v. Let b = 15 + v. What is the tens digit of b?
2
Suppose 0 = 5*r - 3*r - 2. Let f(p) = -4*p**3 + p**2 - p + 1. Let z be f(r). Let u = 26 + z. What is the tens digit of u?
2
Suppose 5*t - 1040 = -420. Let s = t + -69. What is the tens digit of s?
5
Let w(h) = 13*h + 3*h + 24*h + 41. What is the units digit of w(4)?
1
What is the units digit of 255 - (-4 - 17)/3?
2
Let p(g) = g**3 + 5*g**2 - 17*g - 1. Let w be p(-7). Let r be w/8*8/4. Suppose d + 112 = r*d. What is the tens digit of d?
2
Let x(n) be the first derivative of -n**4/4 + 10*n**3/3 + 18*n + 5. What is the tens digit of x(10)?
1
Suppose 0 = 5*a - 6 - 14. Suppose -a*f - 2*m + 178 = 3*m, -194 = -4*f + 3*m. What is the units digit of f?
7
Let z(i) = 3*i**3 - 16*i**2 + 10*i - 54. What is the units digit of z(9)?
7
Let a = 1927 + -1440. What is the hundreds digit of a?
4
What is the tens digit of (483/63)/(631/210 + -3)?
1
Suppose -23*h + 19*h + 492 = 0. Let m(z) = -z**3 - 3*z**2 - 3*z - 3. Let r be m(-2). What is the tens digit of (7/(-21))/(r/h)?
4
Let y(k) = k + k**2 - 33 + 2*k + k. What is the units digit of y(6)?
7
Let s = -1441 - -2357. What is the units digit of s?
6
Let h(q) = -q**2 - 6*q + 1. Suppose -2*u + d = -6, -2*d = -u + 4*u + 5. Suppose -n + u = 0, 4*t = 5*n + 2 - 27. What is the units digit of h(t)?
6
Let x(n) = n**3 + 7*n**2 + n + 1. Let j = -25 + 18. Let s be x(j). Let m = s + 11. What is the units digit of m?
5
Let y be 24/9 + (-6)/9. What is the units digit of y/(-3) - 21846/(-99)?
0
Let f = 33 - -92. Suppose -g = 5, -2*x + x + 4*g + f = 0. What is the units digit of x?
5
Let h(n) be the third derivative of -n**7/5040 + n**5/20 - 4*n**2. Let i(s) be the third derivative of h(s). What is the units digit of i(-2)?
2
Suppose -3*l + 3*r = -3834, -2*l + 6382 = 3*l - 3*r. What is the hundreds digit of l?
2
Suppose -5*f + 3071 = -2009. What is the tens digit of f?
1
Let p = -1098 - -2353. What is the thousands digit of p?
1
Suppose 3*n + 27 = 3*l, 4*n - 16 - 3 = -l. Let u = l - 9. Suppose 15 = -u*x + 23. What is the units digit of x?
4
Let f(r) = r**3 - 4*r**2 - r + 7. Suppose 2*b = v + 2, -v - 6 = b - 5*b. Suppose -x - 6 = -m, -11 = -2*m + v*x - x. What is the tens digit of f(m)?
2
Let y be -1 + 1/2 + 17/34. What is the tens digit of 128 - (y - -3)/(-3)?
2
Let w be 1/(-2) - 45/(-2). Suppose 3*d + 67 = -4*s - s, 2*s + 38 = -2*d. Let v = d + w. What is the units digit of v?
8
Let b = -9 - -13. Suppose b*n - 36 = n. Let j = 13 - n. What is the units digit of j?
1
Let k be (-1)/((-20)/18 + 1). What is the units digit of (2*(-204)/16)/(k/(-24))?
8
Let s(f) = 1. Let p(v) = 4*v - 10. Let t(l) = 2*l - 23. Let y be t(13). Let w(n) = y*s(n) + p(n). What is the tens digit of w(5)?
1
Suppose 4*w - 9*w + 4*p = -26, -5*w = 4*p - 34. Let u = w - 4. Suppose -52 = -u*m - 0*m. What is the tens digit of m?
2
Let o = 2728 + -859. What is the hundreds digit of o?
8
Suppose 1 = -3*y + 10. Suppose y*o - 8*o = 0. Suppose -8*i + 4*i + 196 = o. What is the tens digit of i?
4
Let b be ((-177)/(-12) - 0)/((-2)/(-8)). Suppose 0 = -0*v - v + b. What is the tens digit of v?
5
Let z(a) = -1473*a**3 - a**2 + 1. What is the units digit of z(-1)?
3
Let m(s) = s**3 + 6*s**2 + s + 3. Let o be m(-6). Let w be (-3 + 3/o)/(-1). What is the tens digit of (-50)/w*(-12)/15?
1
Suppose 0 = -5*j + 10, -2*j - 5189 = -3*b + 1032. What is the thousands digit of b?
2
Suppose 0 = -3*c + n + 2365, n = -4*c + 4*n + 3150. What is the tens digit of c?
8
What is the tens digit of 34605/21 - 5/(-210)*6?
4
Let t be 1/(3 - 10/3). Let n(r) = 3*r**2 - r. What is the units digit of n(t)?
0
Suppose 3*z + 631 = 2*v, -2*v - 18*z = -16*z - 606. What is the hundreds digit of v?
3
Let a be (-2)/((-5)/(15/(-2))) - -1. What is the tens digit of ((-957)/(-12) - a)/((-24)/(-64))?
1
Let l be (-4)/3*(-9)/6. Suppose -l*s = s. Suppose s = h + h - 60. What is the tens digit of h?
3
Let n = 4 - 5. Let o be (n - 12/(-9))*33. Suppose -o = -5*d - 1. What is the units digit of d?
2
Let l be 1 - (4 - 0)/(-2). Suppose 4*j - 19 = -l. What is the units digit of j?
4
Suppose -6943 = -63*n + 7106. What is the hundreds digit of n?
2
What is the un